{"id":3758,"date":"2022-05-05T11:54:28","date_gmt":"2022-05-05T11:54:28","guid":{"rendered":"https:\/\/sites.hslu.ch\/werkstatt\/?page_id=3758"},"modified":"2022-05-05T12:27:25","modified_gmt":"2022-05-05T12:27:25","slug":"switch-tube-video-einfuegen","status":"publish","type":"page","link":"https:\/\/sites.hslu.ch\/werkstatt\/admin-hilfe\/switch-tube-video-einfuegen\/","title":{"rendered":"Switch-Tube Video einf\u00fcgen"},"content":{"rendered":"<div class=\"wpb-content-wrapper\"><p>[vc_section el_class=&#187;dkw-section-lead&#187;][vc_row][vc_column width=&#187;2\/3&#8243; offset=&#187;vc_col-sm-offset-2&#8243;][vc_column_text]Video-Tutorials der HSLU k\u00f6nnen auf Switch-Tube geladen und anschliessend sehr einfach in Beitr\u00e4ge auf der Werkst\u00e4tten-Plattform eingebunden werden.[\/vc_column_text][\/vc_column][\/vc_row][\/vc_section][vc_section el_class=&#187;dkw-section-content&#187;][vc_row][vc_column width=&#187;1\/3&#8243; el_class=&#187;dkw-col-toc&#187; offset=&#187;vc_col-lg-3&#8243;][vc_column_text]<div id=\"ez-toc-container\" class=\"ez-toc-v2_0_82_2 counter-hierarchy ez-toc-counter ez-toc-grey ez-toc-container-direction\">\n<div class=\"ez-toc-title-container\">\n<span class=\"ez-toc-title-toggle\"><\/span><\/div>\n<nav><ul class='ez-toc-list ez-toc-list-level-1 ' ><li class='ez-toc-page-1 ez-toc-heading-level-3'><a class=\"ez-toc-link ez-toc-heading-1\" href=\"https:\/\/sites.hslu.ch\/werkstatt\/admin-hilfe\/switch-tube-video-einfuegen\/#Switch-Tube_ID_ermitteln\" >Switch-Tube ID ermitteln<\/a><\/li><li class='ez-toc-page-1 ez-toc-heading-level-3'><a class=\"ez-toc-link ez-toc-heading-2\" href=\"https:\/\/sites.hslu.ch\/werkstatt\/admin-hilfe\/switch-tube-video-einfuegen\/#Video_in_Beitrag_einbinden\" >Video in Beitrag einbinden<\/a><\/li><li class='ez-toc-page-1 ez-toc-heading-level-3'><a class=\"ez-toc-link ez-toc-heading-3\" href=\"https:\/\/sites.hslu.ch\/werkstatt\/admin-hilfe\/switch-tube-video-einfuegen\/#Ergebnis\" >Ergebnis<\/a><\/li><\/ul><\/nav><\/div>\n[\/vc_column_text][\/vc_column][vc_column width=&#187;2\/3&#8243; el_class=&#187;dkw-col-content&#187; offset=&#187;vc_col-lg-6&#8243;][vc_column_text]<\/p>\n<h3><span class=\"ez-toc-section\" id=\"Switch-Tube_ID_ermitteln\"><\/span>Switch-Tube ID ermitteln<span class=\"ez-toc-section-end\"><\/span><\/h3>\n<p>Um das korrekte Video einbinden zu k\u00f6nnen, muss die ID des entsprechenden Videos ermittelt werden. Dieses l\u00e4sst sich ganz einfach aus der URL des Videos kopieren.<\/p>\n<p>Beispiel: Beim Video mit der URL \u00ab<a href=\"https:\/\/tube.switch.ch\/videos\/nbiP1NA0Fk\" target=\"_blank\" rel=\"noopener\"><a href=\"https:\/\/tube.switch.ch\/videos\/\" rel=\"nofollow\">https:\/\/tube.switch.ch\/videos\/<\/a><span style=\"color: red\">nbiP1NA0Fk<\/span><\/a>\u00bb lautet die ID \u00ab<span style=\"color: red\">nbiP1NA0Fk<\/span>\u00bb[\/vc_column_text][vc_column_text]<\/p>\n<h3><span class=\"ez-toc-section\" id=\"Video_in_Beitrag_einbinden\"><\/span>Video in Beitrag einbinden<span class=\"ez-toc-section-end\"><\/span><\/h3>\n<p>Das Video l\u00e4sst sich an jeder gew\u00fcnschter Stelle in den Beitrag einbinden. Dazu kann einfach nachfolgender Code als Text <span style=\"color: red\">in eckigen Klammern<\/span> in den Beitrag kopiert und die ID entsprechend dem gew\u00fcnschten Video angepasst werden.<\/p>\n<p><code>switchtube id=nbiP1NA0Fk<\/code>[\/vc_column_text][vc_single_image image=&#187;3765&#8243; img_size=&#187;full&#187;][vc_column_text]<\/p>\n<h3><span class=\"ez-toc-section\" id=\"Ergebnis\"><\/span>Ergebnis<span class=\"ez-toc-section-end\"><\/span><\/h3>\n<p>So sieht das eingef\u00fcgte Video anschliessend aus:<\/p>\n<p><iframe loading=\"lazy\" width=\"640\" height=\"360\" src=\"https:\/\/tube.switch.ch\/embed\/nbiP1NA0Fk?title=hide\" frameborder=\"0\" allow=\"fullscreen\" allowfullscreen><\/iframe> [\/vc_column_text][\/vc_column][vc_column width=&#187;1\/3&#8243; el_class=&#187;dkw-col-micro&#187; offset=&#187;vc_col-lg-3&#8243;][\/vc_column][\/vc_row][\/vc_section][vc_section el_class=&#187;dkw-dontprint&#187;][vc_row disable_element=&#187;yes&#187;][vc_column][vc_column_text]<span style=\"color: red\">\u2014 \u2014 \u2014 INFO: In beiden nachfolgenden Post Grids die passenden Recipies und die passenden Talks\u00a0 ausw\u00e4hlen \u2014 \u2014 \u2014<br \/>\n<\/span>[\/vc_column_text][\/vc_column][\/vc_row][vc_row][vc_column][vc_column_text]<\/p>\n<h2>Passende Recipies<\/h2>\n<p>[\/vc_column_text][vc_basic_grid post_type=&#187;ids&#187; element_width=&#187;2&#8243; gap=&#187;10&#8243; item=&#187;517&#8243; grid_id=&#187;vc_gid:1651753623446-125deae4-d01d-9&#8243;][\/vc_column][\/vc_row][\/vc_section][vc_section el_class=&#187;dkw-dontprint&#187;][vc_row][vc_column][vc_column_text]<\/p>\n<h2>Passende Talks<\/h2>\n<p>[\/vc_column_text][vc_basic_grid post_type=&#187;ids&#187; element_width=&#187;2&#8243; gap=&#187;10&#8243; item=&#187;517&#8243; grid_id=&#187;vc_gid:1651753623447-d2bc6dc1-26ff-10&#8243;][\/vc_column][\/vc_row][\/vc_section]<\/p>\n<\/div>","protected":false},"excerpt":{"rendered":"<p>[vc_section el_class=&#187;dkw-section-lead&#187;][vc_row][vc_column width=&#187;2\/3&#8243; offset=&#187;vc_col-sm-offset-2&#8243;][vc_column_text]Video-Tutorials der HSLU k\u00f6nnen auf Switch-Tube geladen und anschliessend sehr einfach in Beitr\u00e4ge auf der Werkst\u00e4tten-Plattform eingebunden werden.[\/vc_column_text][\/vc_column][\/vc_row][\/vc_section][vc_section el_class=&#187;dkw-section-content&#187;][vc_row][vc_column width=&#187;1\/3&#8243; el_class=&#187;dkw-col-toc&#187; [&hellip;]<\/p>\n","protected":false},"author":45,"featured_media":571,"parent":565,"menu_order":0,"comment_status":"closed","ping_status":"closed","template":"","meta":{"_acf_changed":false,"footnotes":""},"class_list":["post-3758","page","type-page","status-publish","has-post-thumbnail","hentry"],"acf":[],"_links":{"self":[{"href":"https:\/\/sites.hslu.ch\/werkstatt\/wp-json\/wp\/v2\/pages\/3758","targetHints":{"allow":["GET"]}}],"collection":[{"href":"https:\/\/sites.hslu.ch\/werkstatt\/wp-json\/wp\/v2\/pages"}],"about":[{"href":"https:\/\/sites.hslu.ch\/werkstatt\/wp-json\/wp\/v2\/types\/page"}],"author":[{"embeddable":true,"href":"https:\/\/sites.hslu.ch\/werkstatt\/wp-json\/wp\/v2\/users\/45"}],"replies":[{"embeddable":true,"href":"https:\/\/sites.hslu.ch\/werkstatt\/wp-json\/wp\/v2\/comments?post=3758"}],"version-history":[{"count":5,"href":"https:\/\/sites.hslu.ch\/werkstatt\/wp-json\/wp\/v2\/pages\/3758\/revisions"}],"predecessor-version":[{"id":3768,"href":"https:\/\/sites.hslu.ch\/werkstatt\/wp-json\/wp\/v2\/pages\/3758\/revisions\/3768"}],"up":[{"embeddable":true,"href":"https:\/\/sites.hslu.ch\/werkstatt\/wp-json\/wp\/v2\/pages\/565"}],"wp:featuredmedia":[{"embeddable":true,"href":"https:\/\/sites.hslu.ch\/werkstatt\/wp-json\/wp\/v2\/media\/571"}],"wp:attachment":[{"href":"https:\/\/sites.hslu.ch\/werkstatt\/wp-json\/wp\/v2\/media?parent=3758"}],"curies":[{"name":"wp","href":"https:\/\/api.w.org\/{rel}","templated":true}]}}