{"id":1581,"date":"2022-07-18T16:24:28","date_gmt":"2022-07-18T14:24:28","guid":{"rendered":"https:\/\/sites.hslu.ch\/stiftung\/?page_id=1581"},"modified":"2026-01-19T15:18:05","modified_gmt":"2026-01-19T13:18:05","slug":"fuer-studierende-der-hslu","status":"publish","type":"page","link":"https:\/\/sites.hslu.ch\/stiftung\/fuer-studierende-der-hslu\/","title":{"rendered":"F\u00fcr Studierende der HSLU"},"content":{"rendered":"\n<h2 class=\"wp-block-heading\" id=\"1-kurzfristige-nothilfe-fur-studierende\">1. Kurzfristige Nothilfe f\u00fcr Studierende<\/h2>\n\n\n\n<p>Die HSLU Foundation hilft Studierenden, die sich kurzzeitig in einer besonderen finanziellen Notlage befinden, mit einmaligen Zahlungen.  Die Nothilfe-Zahlungen sind nur m\u00f6glich durch Spenden von Privatpersonen und Angeh\u00f6rigen der Hochschule Luzern. <\/p>\n\n\n\n<div style=\"height:19px\" aria-hidden=\"true\" class=\"wp-block-spacer\"><\/div>\n\n\n\n<p style=\"font-style:normal;font-weight:700\">Wer kann einen Antrag stellen? <\/p>\n\n\n\n<p>Alle Studierende in Ausbildung (Bachelor oder Master) der Hochschule Luzern k\u00f6nnen einen&nbsp;Antrag&nbsp;auf Unterst\u00fctzung infolge ausserordentlicher finanzieller <em>Notlage<\/em> einreichen.<\/p>\n\n\n\n<div style=\"height:19px\" aria-hidden=\"true\" class=\"wp-block-spacer\"><\/div>\n\n\n\n<p style=\"font-style:normal;font-weight:700\">Wie hoch ist die Hilfe pro Antrag?<\/p>\n\n\n\n<p>Die Fonds-Mittel sind beschr\u00e4nkt daher werden maximal und einmalig 1&#8217;500 Franken ausbezahlt.<\/p>\n\n\n\n<div style=\"height:19px\" aria-hidden=\"true\" class=\"wp-block-spacer\"><\/div>\n\n\n\n<p style=\"font-style:normal;font-weight:700\">Wie oft kann ein Antrag gestellt werden?<strong> <\/strong><\/p>\n\n\n\n<p>Wer einmal eine Nothilfe-Zahlung erhalten hat, darf keinen weiteren Antrag stellen. Wurde ein Antrag abgelehnt, darf ein neuer Antrag gestellt werden.<\/p>\n\n\n\n<div style=\"height:19px\" aria-hidden=\"true\" class=\"wp-block-spacer\"><\/div>\n\n\n\n<p style=\"font-style:normal;font-weight:700\">Wer entscheidet \u00fcber den Antrag? <\/p>\n\n\n\n<p>Eine vom Stiftungsrat der HSLU Foundation ernannte Vergabekomission.<\/p>\n\n\n\n<div style=\"height:19px\" aria-hidden=\"true\" class=\"wp-block-spacer\"><\/div>\n\n\n\n<p style=\"font-style:normal;font-weight:700\"> Bitte bewerben Sie sich nicht, wenn:<\/p>\n\n\n\n<ul class=\"wp-block-list\">\n<li>Sie Ihr Studium noch nicht begonnen haben; wenn Sie Ihr Studium unterbrechen<\/li>\n\n\n\n<li>Sie ein Stipendium ben\u00f6tigen<\/li>\n\n\n\n<li>ein Familienmitglied ein finanzielles Problem hat<\/li>\n\n\n\n<li>Sie nicht nachweisen k\u00f6nnen, dass Sie Ihre Notlage in den n\u00e4chsten Monaten dauerhaft behoben haben werden<\/li>\n<\/ul>\n\n\n\n<p><\/p>\n\n\n\n\t<div class=\"download-section\">\n\t\t\n\t\t<div class=\"download-section__list\">\n\t\t\t\n\t\t\t\t<a class=\"download-section__item\" href=\"https:\/\/sites.hslu.ch\/stiftung\/wp-content\/uploads\/sites\/9\/2026\/01\/Antragsformular-finanzielle-Nothilfe-2026.pdf\" download target=\"\">\n\t\t\t\t\t<span class=\"h5 download-section__title\">Antragsformular finanzielle Nothilfe 2026<\/span>\n\n\t\t\t\t\t<svg xmlns=\"http:\/\/www.w3.org\/2000\/svg\" fill=\"currentColor\" class=\"download-section__arrow\" viewBox=\"0 0 26 27\">\n\t\t\t\t\t\t<path d=\"m14.1647 20.8215 9.5587-9.8512 1.9345 1.806-12.829 13.2216L0 12.7763l1.93452-1.806 9.55958 9.8521V1.29785h2.6706V20.8215Z\" \/>\n\t\t\t\t\t<\/svg>\n\t\t\t\t<\/a>\n\n\t\t\t\t\t<\/div>\n\t<\/div>\n\n\n\n\n<div style=\"height:38px\" aria-hidden=\"true\" class=\"wp-block-spacer\"><\/div>\n\n\n\n<h2 class=\"wp-block-heading\" id=\"2-rigi-stipendium-fur-bachelor-oder-masterstudierende\">2. Rigi-Stipendium f\u00fcr Bachelor- oder Masterstudierende<\/h2>\n\n\n\n<p>Die HSLU Foundation vergibt Stipendien an Bachelor- und Masterstudierende. Das Anmeldefenster \u00f6ffnet sich j\u00e4hrlich von Ende August bis Ende September. In diesem Zeitraum k\u00f6nnen Bewerbungen eingereicht und ber\u00fccksichtigt werden. Auch das Anmeldeformular wird zu diesem Zeitpunkt online verf\u00fcgbar sein.<\/p>\n\n\n\n<p>Dieses Stipendium wird erm\u00f6glicht durch die Spende einer gemeinn\u00fctzigen Schweizer Stiftung.<\/p>\n\n\n<div class=\"wk-block-accordion \" id=\"accordion-241b6939-5ba1-4b14-9592-0169326adf54\">\n\t\n\n<div class=\"wk-block-accordion-item \">\n\t<h3 id=\"heading-accordion-item-78863062-4559-4379-932b-9754ca4f586a\" class=\"wk-block-accordion-item__header h5\">\n\t\t<button class=\"wk-block-accordion-item__button collapsed\"\n\t\t\tdata-toggle=\"collapse\"\n\t\t\tdata-target=\"#accordion-item-78863062-4559-4379-932b-9754ca4f586a\"\n\t\t\taria-expanded=\"false\"\n\t\t\ttype=\"button\"\n\t\t\ttabindex=\"0\"\n\t\t\taria-controls=\"accordion-item-78863062-4559-4379-932b-9754ca4f586a\">\n\t\t\t<span class=\"wk-block-accordion-item__title\">Impact &#8211; Story einer Rigi-Stipendiatin<\/span>\n\t\t\t<svg class=\"wk-block-accordion-item__icon\" xmlns=\"http:\/\/www.w3.org\/2000\/svg\" fill=\"currentColor\" viewBox=\"0 0 26 27\">\n\t\t\t\t<path d=\"M11.6464 5.60896 1.96032 15.9786 0 14.0776 13 .160156 26 14.0776l-1.9603 1.901-9.687-10.37064V53.1602h-2.7063V5.60896Z\" \/>\n\t\t\t<\/svg>\n\t\t<\/button>\n\t<\/h3>\n\t<div id=\"accordion-item-78863062-4559-4379-932b-9754ca4f586a\"\n\t\tclass=\"wk-block-accordion-item__body accordion-collapse collapse\"\n\t\tdata-parent=\"#accordion-241b6939-5ba1-4b14-9592-0169326adf54\"\n\t\taria-labelledby=\"heading-accordion-item-78863062-4559-4379-932b-9754ca4f586a\">\n\t\t<div class=\"wk-block-accordion-item__body-inner\">\n\t\t\t\n\n<figure class=\"wp-block-embed is-type-video is-provider-youtube wp-block-embed-youtube wp-embed-aspect-16-9 wp-has-aspect-ratio\"><div class=\"wp-block-embed__wrapper\">\n<iframe title=\"HSLU Foundation - Rigi-Stipendium\" width=\"640\" height=\"360\" data-src=\"https:\/\/www.youtube.com\/embed\/H8QV-MSfHTQ?feature=oembed\" frameborder=\"0\" allow=\"accelerometer; autoplay; clipboard-write; encrypted-media; gyroscope; picture-in-picture; web-share\" referrerpolicy=\"strict-origin-when-cross-origin\" allowfullscreen src=\"data:image\/svg+xml;base64,PHN2ZyB3aWR0aD0iMSIgaGVpZ2h0PSIxIiB4bWxucz0iaHR0cDovL3d3dy53My5vcmcvMjAwMC9zdmciPjwvc3ZnPg==\" class=\"lazyload\" data-load-mode=\"1\"><\/iframe>\n<\/div><\/figure>\n\n\t\t<\/div>\n\t<\/div>\n<\/div>\n\n<\/div>\n\n\n\n<h3 class=\"wp-block-heading\" id=\"das-rigi-stipendium-richtet-sich-an\">Das Rigi-Stipendium richtet sich an:<\/h3>\n\n\n\n<ul class=\"wp-block-list\">\n<li>angehende oder immatrikulierte Bachelor- oder Masterstudierende an der Hochschule Luzern der Fachrichtungen <strong>Technik &amp; Architektur, Wirtschaft, Soziale Arbeit, Design, Film, Kunst sowie Informatik<\/strong><\/li>\n<\/ul>\n\n\n\n<ul class=\"wp-block-list\">\n<li>mit<strong> Schweizer Staatsb\u00fcrgerschaft<\/strong> oder seit mindestens 10 Jahren Domizil in der Schweiz,<\/li>\n<\/ul>\n\n\n\n<ul class=\"wp-block-list\">\n<li>die <strong>nachweisen<\/strong>, dass sie weder aus eigener finanzieller Kraft noch mit Unterst\u00fctzung durch die Familie oder anderen Stipendien die Kosten f\u00fcr ein Bachelor- oder Master-Studium tragen k\u00f6nnen.<\/li>\n<\/ul>\n\n\n\n<p>Das Stipendium kann <strong>maximal 5&#8217;000 Franken pro Semester<\/strong> betragen. Es besteht die Option auf Verl\u00e4ngerung bis zum Abschluss des Bachelor- oder Masterstudiums, l\u00e4ngstens jedoch&nbsp;f\u00fcr 6 Semester.<\/p>\n\n\n\n<div style=\"height:19px\" aria-hidden=\"true\" class=\"wp-block-spacer\"><\/div>\n\n\n\n<p style=\"font-style:normal;font-weight:700\"><strong><strong>Bitte beachten Sie, dass momentan keine Bewerbungen eingereicht werden k\u00f6nnen<\/strong>. <\/strong><\/p>\n\n\n\n\n\n<p class=\"has-text-align-center\"><\/p>\n\n\n\n<p><\/p>\n","protected":false},"excerpt":{"rendered":"<p>Die HSLU Foundation bietet derzeit zwei Programme f\u00fcr Studierende der HSLU an: Nothilfe f\u00fcr kurzfristige finanzielle Notlagen und das Rigi-Stipendium f\u00fcr Bachelor- und Masterstudierende.<\/p>\n","protected":false},"author":30,"featured_media":2267,"parent":0,"menu_order":0,"comment_status":"closed","ping_status":"closed","template":"ihr-engangement.php","meta":{"_acf_changed":false,"ghostkit_customizer_options":"","ghostkit_custom_css":"","ghostkit_custom_js_head":"","ghostkit_custom_js_foot":"","ghostkit_typography":"","footnotes":"","_links_to":"","_links_to_target":""},"class_list":["post-1581","page","type-page","status-publish","has-post-thumbnail","hentry"],"acf":[],"yoast_head":"<!-- This site is optimized with the Yoast SEO plugin v27.4 - https:\/\/yoast.com\/product\/yoast-seo-wordpress\/ -->\n<title>F\u00fcr Studierende der HSLU - Stiftung Hochschule Luzern<\/title>\n<meta name=\"robots\" content=\"noindex, nofollow\" \/>\n<meta property=\"og:locale\" content=\"de_DE\" \/>\n<meta property=\"og:type\" content=\"article\" \/>\n<meta property=\"og:title\" content=\"F\u00fcr Studierende der HSLU - Stiftung Hochschule Luzern\" \/>\n<meta property=\"og:description\" content=\"Die HSLU Foundation bietet derzeit zwei Programme f\u00fcr Studierende der HSLU an: Nothilfe f\u00fcr kurzfristige finanzielle Notlagen und das Rigi-Stipendium f\u00fcr Bachelor- und Masterstudierende.\" \/>\n<meta property=\"og:url\" content=\"https:\/\/sites.hslu.ch\/stiftung\/fuer-studierende-der-hslu\/\" \/>\n<meta property=\"og:site_name\" content=\"Stiftung Hochschule Luzern\" \/>\n<meta property=\"article:modified_time\" content=\"2026-01-19T13:18:05+00:00\" \/>\n<meta name=\"twitter:card\" content=\"summary_large_image\" \/>\n<meta name=\"twitter:image\" content=\"https:\/\/sites.hslu.ch\/stiftung\/wp-content\/uploads\/sites\/9\/2025\/02\/GettyImages-1130529351-Original-7952x4705-1-scaled.jpg\" \/>\n<meta name=\"twitter:label1\" content=\"Gesch\u00e4tzte Lesezeit\" \/>\n\t<meta name=\"twitter:data1\" content=\"3\u00a0Minuten\" \/>\n<script type=\"application\/ld+json\" class=\"yoast-schema-graph\">{\"@context\":\"https:\\\/\\\/schema.org\",\"@graph\":[{\"@type\":\"WebPage\",\"@id\":\"https:\\\/\\\/sites.hslu.ch\\\/stiftung\\\/fuer-studierende-der-hslu\\\/\",\"url\":\"https:\\\/\\\/sites.hslu.ch\\\/stiftung\\\/fuer-studierende-der-hslu\\\/\",\"name\":\"F\u00fcr Studierende der HSLU - Stiftung Hochschule Luzern\",\"isPartOf\":{\"@id\":\"https:\\\/\\\/sites.hslu.ch\\\/stiftung\\\/#website\"},\"primaryImageOfPage\":{\"@id\":\"https:\\\/\\\/sites.hslu.ch\\\/stiftung\\\/fuer-studierende-der-hslu\\\/#primaryimage\"},\"image\":{\"@id\":\"https:\\\/\\\/sites.hslu.ch\\\/stiftung\\\/fuer-studierende-der-hslu\\\/#primaryimage\"},\"thumbnailUrl\":\"https:\\\/\\\/sites.hslu.ch\\\/stiftung\\\/wp-content\\\/uploads\\\/sites\\\/9\\\/2025\\\/02\\\/GettyImages-1130529351-Original-7952x4705-1-scaled.jpg\",\"datePublished\":\"2022-07-18T14:24:28+00:00\",\"dateModified\":\"2026-01-19T13:18:05+00:00\",\"breadcrumb\":{\"@id\":\"https:\\\/\\\/sites.hslu.ch\\\/stiftung\\\/fuer-studierende-der-hslu\\\/#breadcrumb\"},\"inLanguage\":\"de-CH\",\"potentialAction\":[{\"@type\":\"ReadAction\",\"target\":[\"https:\\\/\\\/sites.hslu.ch\\\/stiftung\\\/fuer-studierende-der-hslu\\\/\"]}]},{\"@type\":\"ImageObject\",\"inLanguage\":\"de-CH\",\"@id\":\"https:\\\/\\\/sites.hslu.ch\\\/stiftung\\\/fuer-studierende-der-hslu\\\/#primaryimage\",\"url\":\"https:\\\/\\\/sites.hslu.ch\\\/stiftung\\\/wp-content\\\/uploads\\\/sites\\\/9\\\/2025\\\/02\\\/GettyImages-1130529351-Original-7952x4705-1-scaled.jpg\",\"contentUrl\":\"https:\\\/\\\/sites.hslu.ch\\\/stiftung\\\/wp-content\\\/uploads\\\/sites\\\/9\\\/2025\\\/02\\\/GettyImages-1130529351-Original-7952x4705-1-scaled.jpg\",\"width\":2560,\"height\":1515,\"caption\":\"Portrait of beautiful girl making heart shaped symbol with hands\"},{\"@type\":\"BreadcrumbList\",\"@id\":\"https:\\\/\\\/sites.hslu.ch\\\/stiftung\\\/fuer-studierende-der-hslu\\\/#breadcrumb\",\"itemListElement\":[{\"@type\":\"ListItem\",\"position\":1,\"name\":\"Home\",\"item\":\"https:\\\/\\\/sites.hslu.ch\\\/stiftung\\\/\"},{\"@type\":\"ListItem\",\"position\":2,\"name\":\"F\u00fcr Studierende der HSLU\"}]},{\"@type\":\"WebSite\",\"@id\":\"https:\\\/\\\/sites.hslu.ch\\\/stiftung\\\/#website\",\"url\":\"https:\\\/\\\/sites.hslu.ch\\\/stiftung\\\/\",\"name\":\"Stiftung Hochschule Luzern\",\"description\":\"\",\"publisher\":{\"@id\":\"https:\\\/\\\/sites.hslu.ch\\\/stiftung\\\/#organization\"},\"potentialAction\":[{\"@type\":\"SearchAction\",\"target\":{\"@type\":\"EntryPoint\",\"urlTemplate\":\"https:\\\/\\\/sites.hslu.ch\\\/stiftung\\\/?s={search_term_string}\"},\"query-input\":{\"@type\":\"PropertyValueSpecification\",\"valueRequired\":true,\"valueName\":\"search_term_string\"}}],\"inLanguage\":\"de-CH\"},{\"@type\":\"Organization\",\"@id\":\"https:\\\/\\\/sites.hslu.ch\\\/stiftung\\\/#organization\",\"name\":\"Stiftung Hochschule Luzern\",\"url\":\"https:\\\/\\\/sites.hslu.ch\\\/stiftung\\\/\",\"logo\":{\"@type\":\"ImageObject\",\"inLanguage\":\"de-CH\",\"@id\":\"https:\\\/\\\/sites.hslu.ch\\\/stiftung\\\/#\\\/schema\\\/logo\\\/image\\\/\",\"url\":\"https:\\\/\\\/sites.hslu.ch\\\/stiftung\\\/wp-content\\\/uploads\\\/sites\\\/9\\\/2020\\\/09\\\/cropped-HSLU-Stiftung-Logo.png\",\"contentUrl\":\"https:\\\/\\\/sites.hslu.ch\\\/stiftung\\\/wp-content\\\/uploads\\\/sites\\\/9\\\/2020\\\/09\\\/cropped-HSLU-Stiftung-Logo.png\",\"width\":161,\"height\":96,\"caption\":\"Stiftung Hochschule Luzern\"},\"image\":{\"@id\":\"https:\\\/\\\/sites.hslu.ch\\\/stiftung\\\/#\\\/schema\\\/logo\\\/image\\\/\"}}]}<\/script>\n<!-- \/ Yoast SEO plugin. -->","yoast_head_json":{"title":"F\u00fcr Studierende der HSLU - Stiftung Hochschule Luzern","robots":{"index":"noindex","follow":"nofollow"},"og_locale":"de_DE","og_type":"article","og_title":"F\u00fcr Studierende der HSLU - Stiftung Hochschule Luzern","og_description":"Die HSLU Foundation bietet derzeit zwei Programme f\u00fcr Studierende der HSLU an: Nothilfe f\u00fcr kurzfristige finanzielle Notlagen und das Rigi-Stipendium f\u00fcr Bachelor- und Masterstudierende.","og_url":"https:\/\/sites.hslu.ch\/stiftung\/fuer-studierende-der-hslu\/","og_site_name":"Stiftung Hochschule Luzern","article_modified_time":"2026-01-19T13:18:05+00:00","twitter_card":"summary_large_image","twitter_image":"https:\/\/sites.hslu.ch\/stiftung\/wp-content\/uploads\/sites\/9\/2025\/02\/GettyImages-1130529351-Original-7952x4705-1-scaled.jpg","twitter_misc":{"Gesch\u00e4tzte Lesezeit":"3\u00a0Minuten"},"schema":{"@context":"https:\/\/schema.org","@graph":[{"@type":"WebPage","@id":"https:\/\/sites.hslu.ch\/stiftung\/fuer-studierende-der-hslu\/","url":"https:\/\/sites.hslu.ch\/stiftung\/fuer-studierende-der-hslu\/","name":"F\u00fcr Studierende der HSLU - Stiftung Hochschule Luzern","isPartOf":{"@id":"https:\/\/sites.hslu.ch\/stiftung\/#website"},"primaryImageOfPage":{"@id":"https:\/\/sites.hslu.ch\/stiftung\/fuer-studierende-der-hslu\/#primaryimage"},"image":{"@id":"https:\/\/sites.hslu.ch\/stiftung\/fuer-studierende-der-hslu\/#primaryimage"},"thumbnailUrl":"https:\/\/sites.hslu.ch\/stiftung\/wp-content\/uploads\/sites\/9\/2025\/02\/GettyImages-1130529351-Original-7952x4705-1-scaled.jpg","datePublished":"2022-07-18T14:24:28+00:00","dateModified":"2026-01-19T13:18:05+00:00","breadcrumb":{"@id":"https:\/\/sites.hslu.ch\/stiftung\/fuer-studierende-der-hslu\/#breadcrumb"},"inLanguage":"de-CH","potentialAction":[{"@type":"ReadAction","target":["https:\/\/sites.hslu.ch\/stiftung\/fuer-studierende-der-hslu\/"]}]},{"@type":"ImageObject","inLanguage":"de-CH","@id":"https:\/\/sites.hslu.ch\/stiftung\/fuer-studierende-der-hslu\/#primaryimage","url":"https:\/\/sites.hslu.ch\/stiftung\/wp-content\/uploads\/sites\/9\/2025\/02\/GettyImages-1130529351-Original-7952x4705-1-scaled.jpg","contentUrl":"https:\/\/sites.hslu.ch\/stiftung\/wp-content\/uploads\/sites\/9\/2025\/02\/GettyImages-1130529351-Original-7952x4705-1-scaled.jpg","width":2560,"height":1515,"caption":"Portrait of beautiful girl making heart shaped symbol with hands"},{"@type":"BreadcrumbList","@id":"https:\/\/sites.hslu.ch\/stiftung\/fuer-studierende-der-hslu\/#breadcrumb","itemListElement":[{"@type":"ListItem","position":1,"name":"Home","item":"https:\/\/sites.hslu.ch\/stiftung\/"},{"@type":"ListItem","position":2,"name":"F\u00fcr Studierende der HSLU"}]},{"@type":"WebSite","@id":"https:\/\/sites.hslu.ch\/stiftung\/#website","url":"https:\/\/sites.hslu.ch\/stiftung\/","name":"Stiftung Hochschule Luzern","description":"","publisher":{"@id":"https:\/\/sites.hslu.ch\/stiftung\/#organization"},"potentialAction":[{"@type":"SearchAction","target":{"@type":"EntryPoint","urlTemplate":"https:\/\/sites.hslu.ch\/stiftung\/?s={search_term_string}"},"query-input":{"@type":"PropertyValueSpecification","valueRequired":true,"valueName":"search_term_string"}}],"inLanguage":"de-CH"},{"@type":"Organization","@id":"https:\/\/sites.hslu.ch\/stiftung\/#organization","name":"Stiftung Hochschule Luzern","url":"https:\/\/sites.hslu.ch\/stiftung\/","logo":{"@type":"ImageObject","inLanguage":"de-CH","@id":"https:\/\/sites.hslu.ch\/stiftung\/#\/schema\/logo\/image\/","url":"https:\/\/sites.hslu.ch\/stiftung\/wp-content\/uploads\/sites\/9\/2020\/09\/cropped-HSLU-Stiftung-Logo.png","contentUrl":"https:\/\/sites.hslu.ch\/stiftung\/wp-content\/uploads\/sites\/9\/2020\/09\/cropped-HSLU-Stiftung-Logo.png","width":161,"height":96,"caption":"Stiftung Hochschule Luzern"},"image":{"@id":"https:\/\/sites.hslu.ch\/stiftung\/#\/schema\/logo\/image\/"}}]}},"_links":{"self":[{"href":"https:\/\/sites.hslu.ch\/stiftung\/wp-json\/wp\/v2\/pages\/1581","targetHints":{"allow":["GET"]}}],"collection":[{"href":"https:\/\/sites.hslu.ch\/stiftung\/wp-json\/wp\/v2\/pages"}],"about":[{"href":"https:\/\/sites.hslu.ch\/stiftung\/wp-json\/wp\/v2\/types\/page"}],"author":[{"embeddable":true,"href":"https:\/\/sites.hslu.ch\/stiftung\/wp-json\/wp\/v2\/users\/30"}],"replies":[{"embeddable":true,"href":"https:\/\/sites.hslu.ch\/stiftung\/wp-json\/wp\/v2\/comments?post=1581"}],"version-history":[{"count":101,"href":"https:\/\/sites.hslu.ch\/stiftung\/wp-json\/wp\/v2\/pages\/1581\/revisions"}],"predecessor-version":[{"id":2405,"href":"https:\/\/sites.hslu.ch\/stiftung\/wp-json\/wp\/v2\/pages\/1581\/revisions\/2405"}],"wp:featuredmedia":[{"embeddable":true,"href":"https:\/\/sites.hslu.ch\/stiftung\/wp-json\/wp\/v2\/media\/2267"}],"wp:attachment":[{"href":"https:\/\/sites.hslu.ch\/stiftung\/wp-json\/wp\/v2\/media?parent=1581"}],"curies":[{"name":"wp","href":"https:\/\/api.w.org\/{rel}","templated":true}]}}