{"id":102,"date":"2020-09-30T11:15:53","date_gmt":"2020-09-30T09:15:53","guid":{"rendered":"https:\/\/sites.hslu.ch\/stiftung\/?page_id=102"},"modified":"2025-03-14T10:35:40","modified_gmt":"2025-03-14T08:35:40","slug":"fuer-spendende","status":"publish","type":"page","link":"https:\/\/sites.hslu.ch\/stiftung\/fuer-spendende\/","title":{"rendered":"F\u00fcr Spendende"},"content":{"rendered":"\n<p>Die HSLU Foundation versteht sich als Treuh\u00e4nderin Ihrer Zuwendung. Mit Sorgfalt und Bedacht werden die uns anvertrauten Mittel zweckbestimmt an der Hochschule Luzern eingesetzt.<\/p>\n\n\n\n<div style=\"height:19px\" aria-hidden=\"true\" class=\"wp-block-spacer\"><\/div>\n\n\n\n<h3 class=\"wp-block-heading\" id=\"fordermoglichkeiten\">F\u00f6rderm\u00f6glichkeiten<\/h3>\n\n\n\n<ul class=\"wp-block-list\">\n<li><strong><a href=\"https:\/\/sites.hslu.ch\/stiftung\/unsere-projekte\/\" target=\"_blank\" rel=\"noreferrer noopener\">Spenden f\u00fcr Themen oder Projekte <\/a><\/strong><br>Ihre Zuwendung wird f\u00fcr das gew\u00e4hlte Thema oder f\u00fcr ein ganz bestimmtes Projekt gem\u00e4ss Ihrem F\u00f6rderwunsch verwendet.<\/li>\n<\/ul>\n\n\n\n<ul class=\"wp-block-list\">\n<li><strong><a href=\"https:\/\/donate.raisenow.io\/vpttk?lng=de\" target=\"_blank\" rel=\"noreferrer noopener\">Freie Spende <\/a><\/strong><br>Innovation, Forschung und Talentf\u00f6rderung sind die zentralen Themen der Hochschule Luzern Foundation. Ihre Spende wird dort eingesetzt, wo ihr Einsatz am wirkungsvollsten ist.<\/li>\n<\/ul>\n\n\n\n<ul class=\"wp-block-list\">\n<li><strong>Legate oder Erbschaften<\/strong><br>Ein Legat oder eine Erbschaft an die Hochschule Luzern Foundation ist ein nachhaltiges Zeichen Ihres Engagements und ein wertvolles Geschenk an die Zukunft.&nbsp;&nbsp;<\/li>\n<\/ul>\n\n\n\n<div style=\"height:19px\" aria-hidden=\"true\" class=\"wp-block-spacer\"><\/div>\n\n\n\n<h3 class=\"wp-block-heading\" id=\"transparenz\">Transparenz<\/h3>\n\n\n\n<p>In unserem <a href=\"https:\/\/sites.hslu.ch\/stiftung\/ueber-uns\/\">Jahresbericht<\/a><a href=\"https:\/\/sites.hslu.ch\/stiftung\/uber-die-stiftung\/\"> <\/a>berichten wir \u00fcber gef\u00f6rderte Projekte, \u00fcber Entwicklungen in unseren Themenbereichen und legen unsere Finanzen offen. Dabei danken wir allen, die uns grossz\u00fcgig unterst\u00fctzt haben. Sie k\u00f6nnen aber auch anonym bleiben. Die Hochschule Luzern Foundation behandelt Ihre Zuwendung auf Wunsch vertraulich.<\/p>\n\n\n\n<p>Als G\u00f6nnerin und G\u00f6nnern erhalten Sie vertieften Einblick in das von Ihnen gef\u00f6rderte Projekt und auf Wunsch auch die M\u00f6glichkeit sich direkt mit Forschenden und Projektleitenden auszutauschen. <\/p>\n\n\n\n<div style=\"height:19px\" aria-hidden=\"true\" class=\"wp-block-spacer\"><\/div>\n\n\n\n<h3 class=\"wp-block-heading\" id=\"steuerabzug\"><strong>Steuerabzug<\/strong><\/h3>\n\n\n\n<p>Die Hochschule Luzern Foundation ist als Stiftung Hochschule Luzern eine im Handelsregister eingetragene gemeinn\u00fctzige Stiftung und untersteht der Zentralschweizer BVG- und Stiftungsaufsicht. Sie ist als gemeinn\u00fctzige Stiftung anerkannt und steuerbefreit. Eingetragener Name: Stiftung Hochschule Luzern. Nummer: CHE-299.874.279.<br><br>Mit Domizil im Kanton Luzern: Abzugsberechtigt sind bis zu <strong>30 Prozent<\/strong> des Reineinkommens beziehungsweise Reingewinns der Steuerperiode, in der die Zuwendung erfolgte. <br><br>Mit Domizil in der restlichen Schweiz: Abzugsberechtigt sind bis zu <strong>20 Prozent<\/strong> des Reineinkommens beziehungsweise Reingewinns der Steuerperiode, in der die Zuwendung erfolgte. <\/p>\n\n\n\n<div style=\"height:19px\" aria-hidden=\"true\" class=\"wp-block-spacer\"><\/div>\n\n\n\n<p style=\"font-style:normal;font-weight:700\">Bitte beachten Sie die Regelung in Ihrem Domizil-Kanton.<\/p>\n\n\n\n<div style=\"height:100px\" aria-hidden=\"true\" class=\"wp-block-spacer\"><\/div>\n","protected":false},"excerpt":{"rendered":"<p>Zukunft gestalten, Forschung und Talente f\u00f6rdern. Ihr Engagement wirkt nachhaltig.<\/p>\n","protected":false},"author":94,"featured_media":2282,"parent":0,"menu_order":0,"comment_status":"closed","ping_status":"closed","template":"ihr-engangement.php","meta":{"_acf_changed":false,"ghostkit_customizer_options":"","ghostkit_custom_css":"","ghostkit_custom_js_head":"","ghostkit_custom_js_foot":"","ghostkit_typography":"","footnotes":"","_links_to":"","_links_to_target":""},"class_list":["post-102","page","type-page","status-publish","has-post-thumbnail","hentry"],"acf":[],"yoast_head":"<!-- This site is optimized with the Yoast SEO plugin v27.4 - https:\/\/yoast.com\/product\/yoast-seo-wordpress\/ -->\n<title>F\u00fcr Spendende - HSLU Foundation<\/title>\n<meta name=\"description\" content=\"Mit der Hochschule Luzern Foundation Talente, Forschung und Innovation in der Zentralschweiz f\u00f6rdern\" \/>\n<meta name=\"robots\" content=\"index, follow, max-snippet:-1, max-image-preview:large, max-video-preview:-1\" \/>\n<link rel=\"canonical\" href=\"https:\/\/sites.hslu.ch\/stiftung\/fuer-spendende\/\" \/>\n<meta property=\"og:locale\" content=\"de_DE\" \/>\n<meta property=\"og:type\" content=\"article\" \/>\n<meta property=\"og:title\" content=\"F\u00fcr Spendende - HSLU Foundation\" \/>\n<meta property=\"og:description\" content=\"Mit der Hochschule Luzern Foundation Talente, Forschung und Innovation in der Zentralschweiz f\u00f6rdern\" \/>\n<meta property=\"og:url\" content=\"https:\/\/sites.hslu.ch\/stiftung\/fuer-spendende\/\" \/>\n<meta property=\"og:site_name\" content=\"Stiftung Hochschule Luzern\" \/>\n<meta property=\"article:modified_time\" content=\"2025-03-14T08:35:40+00:00\" \/>\n<meta property=\"og:image\" content=\"https:\/\/sites.hslu.ch\/stiftung\/wp-content\/uploads\/sites\/9\/2025\/02\/HORW_Maehroboter_60-Medium-1280x828-1.jpg\" \/>\n\t<meta property=\"og:image:width\" content=\"1920\" \/>\n\t<meta property=\"og:image:height\" content=\"1242\" \/>\n\t<meta property=\"og:image:type\" content=\"image\/jpeg\" \/>\n<meta name=\"twitter:card\" content=\"summary_large_image\" \/>\n<meta name=\"twitter:label1\" content=\"Gesch\u00e4tzte Lesezeit\" \/>\n\t<meta name=\"twitter:data1\" content=\"2\u00a0Minuten\" \/>\n<script type=\"application\/ld+json\" class=\"yoast-schema-graph\">{\"@context\":\"https:\\\/\\\/schema.org\",\"@graph\":[{\"@type\":\"WebPage\",\"@id\":\"https:\\\/\\\/sites.hslu.ch\\\/stiftung\\\/fuer-spendende\\\/\",\"url\":\"https:\\\/\\\/sites.hslu.ch\\\/stiftung\\\/fuer-spendende\\\/\",\"name\":\"F\u00fcr Spendende - HSLU Foundation\",\"isPartOf\":{\"@id\":\"https:\\\/\\\/sites.hslu.ch\\\/stiftung\\\/#website\"},\"primaryImageOfPage\":{\"@id\":\"https:\\\/\\\/sites.hslu.ch\\\/stiftung\\\/fuer-spendende\\\/#primaryimage\"},\"image\":{\"@id\":\"https:\\\/\\\/sites.hslu.ch\\\/stiftung\\\/fuer-spendende\\\/#primaryimage\"},\"thumbnailUrl\":\"https:\\\/\\\/sites.hslu.ch\\\/stiftung\\\/wp-content\\\/uploads\\\/sites\\\/9\\\/2025\\\/02\\\/HORW_Maehroboter_60-Medium-1280x828-1.jpg\",\"datePublished\":\"2020-09-30T09:15:53+00:00\",\"dateModified\":\"2025-03-14T08:35:40+00:00\",\"description\":\"Mit der Hochschule Luzern Foundation Talente, Forschung und Innovation in der Zentralschweiz f\u00f6rdern\",\"breadcrumb\":{\"@id\":\"https:\\\/\\\/sites.hslu.ch\\\/stiftung\\\/fuer-spendende\\\/#breadcrumb\"},\"inLanguage\":\"de-CH\",\"potentialAction\":[{\"@type\":\"ReadAction\",\"target\":[\"https:\\\/\\\/sites.hslu.ch\\\/stiftung\\\/fuer-spendende\\\/\"]}]},{\"@type\":\"ImageObject\",\"inLanguage\":\"de-CH\",\"@id\":\"https:\\\/\\\/sites.hslu.ch\\\/stiftung\\\/fuer-spendende\\\/#primaryimage\",\"url\":\"https:\\\/\\\/sites.hslu.ch\\\/stiftung\\\/wp-content\\\/uploads\\\/sites\\\/9\\\/2025\\\/02\\\/HORW_Maehroboter_60-Medium-1280x828-1.jpg\",\"contentUrl\":\"https:\\\/\\\/sites.hslu.ch\\\/stiftung\\\/wp-content\\\/uploads\\\/sites\\\/9\\\/2025\\\/02\\\/HORW_Maehroboter_60-Medium-1280x828-1.jpg\",\"width\":1920,\"height\":1242},{\"@type\":\"BreadcrumbList\",\"@id\":\"https:\\\/\\\/sites.hslu.ch\\\/stiftung\\\/fuer-spendende\\\/#breadcrumb\",\"itemListElement\":[{\"@type\":\"ListItem\",\"position\":1,\"name\":\"Home\",\"item\":\"https:\\\/\\\/sites.hslu.ch\\\/stiftung\\\/\"},{\"@type\":\"ListItem\",\"position\":2,\"name\":\"F\u00fcr Spendende\"}]},{\"@type\":\"WebSite\",\"@id\":\"https:\\\/\\\/sites.hslu.ch\\\/stiftung\\\/#website\",\"url\":\"https:\\\/\\\/sites.hslu.ch\\\/stiftung\\\/\",\"name\":\"Stiftung Hochschule Luzern\",\"description\":\"\",\"publisher\":{\"@id\":\"https:\\\/\\\/sites.hslu.ch\\\/stiftung\\\/#organization\"},\"potentialAction\":[{\"@type\":\"SearchAction\",\"target\":{\"@type\":\"EntryPoint\",\"urlTemplate\":\"https:\\\/\\\/sites.hslu.ch\\\/stiftung\\\/?s={search_term_string}\"},\"query-input\":{\"@type\":\"PropertyValueSpecification\",\"valueRequired\":true,\"valueName\":\"search_term_string\"}}],\"inLanguage\":\"de-CH\"},{\"@type\":\"Organization\",\"@id\":\"https:\\\/\\\/sites.hslu.ch\\\/stiftung\\\/#organization\",\"name\":\"Stiftung Hochschule Luzern\",\"url\":\"https:\\\/\\\/sites.hslu.ch\\\/stiftung\\\/\",\"logo\":{\"@type\":\"ImageObject\",\"inLanguage\":\"de-CH\",\"@id\":\"https:\\\/\\\/sites.hslu.ch\\\/stiftung\\\/#\\\/schema\\\/logo\\\/image\\\/\",\"url\":\"https:\\\/\\\/sites.hslu.ch\\\/stiftung\\\/wp-content\\\/uploads\\\/sites\\\/9\\\/2020\\\/09\\\/cropped-HSLU-Stiftung-Logo.png\",\"contentUrl\":\"https:\\\/\\\/sites.hslu.ch\\\/stiftung\\\/wp-content\\\/uploads\\\/sites\\\/9\\\/2020\\\/09\\\/cropped-HSLU-Stiftung-Logo.png\",\"width\":161,\"height\":96,\"caption\":\"Stiftung Hochschule Luzern\"},\"image\":{\"@id\":\"https:\\\/\\\/sites.hslu.ch\\\/stiftung\\\/#\\\/schema\\\/logo\\\/image\\\/\"}}]}<\/script>\n<!-- \/ Yoast SEO plugin. -->","yoast_head_json":{"title":"F\u00fcr Spendende - HSLU Foundation","description":"Mit der Hochschule Luzern Foundation Talente, Forschung und Innovation in der Zentralschweiz f\u00f6rdern","robots":{"index":"index","follow":"follow","max-snippet":"max-snippet:-1","max-image-preview":"max-image-preview:large","max-video-preview":"max-video-preview:-1"},"canonical":"https:\/\/sites.hslu.ch\/stiftung\/fuer-spendende\/","og_locale":"de_DE","og_type":"article","og_title":"F\u00fcr Spendende - HSLU Foundation","og_description":"Mit der Hochschule Luzern Foundation Talente, Forschung und Innovation in der Zentralschweiz f\u00f6rdern","og_url":"https:\/\/sites.hslu.ch\/stiftung\/fuer-spendende\/","og_site_name":"Stiftung Hochschule Luzern","article_modified_time":"2025-03-14T08:35:40+00:00","og_image":[{"width":1920,"height":1242,"url":"https:\/\/sites.hslu.ch\/stiftung\/wp-content\/uploads\/sites\/9\/2025\/02\/HORW_Maehroboter_60-Medium-1280x828-1.jpg","type":"image\/jpeg"}],"twitter_card":"summary_large_image","twitter_misc":{"Gesch\u00e4tzte Lesezeit":"2\u00a0Minuten"},"schema":{"@context":"https:\/\/schema.org","@graph":[{"@type":"WebPage","@id":"https:\/\/sites.hslu.ch\/stiftung\/fuer-spendende\/","url":"https:\/\/sites.hslu.ch\/stiftung\/fuer-spendende\/","name":"F\u00fcr Spendende - HSLU Foundation","isPartOf":{"@id":"https:\/\/sites.hslu.ch\/stiftung\/#website"},"primaryImageOfPage":{"@id":"https:\/\/sites.hslu.ch\/stiftung\/fuer-spendende\/#primaryimage"},"image":{"@id":"https:\/\/sites.hslu.ch\/stiftung\/fuer-spendende\/#primaryimage"},"thumbnailUrl":"https:\/\/sites.hslu.ch\/stiftung\/wp-content\/uploads\/sites\/9\/2025\/02\/HORW_Maehroboter_60-Medium-1280x828-1.jpg","datePublished":"2020-09-30T09:15:53+00:00","dateModified":"2025-03-14T08:35:40+00:00","description":"Mit der Hochschule Luzern Foundation Talente, Forschung und Innovation in der Zentralschweiz f\u00f6rdern","breadcrumb":{"@id":"https:\/\/sites.hslu.ch\/stiftung\/fuer-spendende\/#breadcrumb"},"inLanguage":"de-CH","potentialAction":[{"@type":"ReadAction","target":["https:\/\/sites.hslu.ch\/stiftung\/fuer-spendende\/"]}]},{"@type":"ImageObject","inLanguage":"de-CH","@id":"https:\/\/sites.hslu.ch\/stiftung\/fuer-spendende\/#primaryimage","url":"https:\/\/sites.hslu.ch\/stiftung\/wp-content\/uploads\/sites\/9\/2025\/02\/HORW_Maehroboter_60-Medium-1280x828-1.jpg","contentUrl":"https:\/\/sites.hslu.ch\/stiftung\/wp-content\/uploads\/sites\/9\/2025\/02\/HORW_Maehroboter_60-Medium-1280x828-1.jpg","width":1920,"height":1242},{"@type":"BreadcrumbList","@id":"https:\/\/sites.hslu.ch\/stiftung\/fuer-spendende\/#breadcrumb","itemListElement":[{"@type":"ListItem","position":1,"name":"Home","item":"https:\/\/sites.hslu.ch\/stiftung\/"},{"@type":"ListItem","position":2,"name":"F\u00fcr Spendende"}]},{"@type":"WebSite","@id":"https:\/\/sites.hslu.ch\/stiftung\/#website","url":"https:\/\/sites.hslu.ch\/stiftung\/","name":"Stiftung Hochschule Luzern","description":"","publisher":{"@id":"https:\/\/sites.hslu.ch\/stiftung\/#organization"},"potentialAction":[{"@type":"SearchAction","target":{"@type":"EntryPoint","urlTemplate":"https:\/\/sites.hslu.ch\/stiftung\/?s={search_term_string}"},"query-input":{"@type":"PropertyValueSpecification","valueRequired":true,"valueName":"search_term_string"}}],"inLanguage":"de-CH"},{"@type":"Organization","@id":"https:\/\/sites.hslu.ch\/stiftung\/#organization","name":"Stiftung Hochschule Luzern","url":"https:\/\/sites.hslu.ch\/stiftung\/","logo":{"@type":"ImageObject","inLanguage":"de-CH","@id":"https:\/\/sites.hslu.ch\/stiftung\/#\/schema\/logo\/image\/","url":"https:\/\/sites.hslu.ch\/stiftung\/wp-content\/uploads\/sites\/9\/2020\/09\/cropped-HSLU-Stiftung-Logo.png","contentUrl":"https:\/\/sites.hslu.ch\/stiftung\/wp-content\/uploads\/sites\/9\/2020\/09\/cropped-HSLU-Stiftung-Logo.png","width":161,"height":96,"caption":"Stiftung Hochschule Luzern"},"image":{"@id":"https:\/\/sites.hslu.ch\/stiftung\/#\/schema\/logo\/image\/"}}]}},"_links":{"self":[{"href":"https:\/\/sites.hslu.ch\/stiftung\/wp-json\/wp\/v2\/pages\/102","targetHints":{"allow":["GET"]}}],"collection":[{"href":"https:\/\/sites.hslu.ch\/stiftung\/wp-json\/wp\/v2\/pages"}],"about":[{"href":"https:\/\/sites.hslu.ch\/stiftung\/wp-json\/wp\/v2\/types\/page"}],"author":[{"embeddable":true,"href":"https:\/\/sites.hslu.ch\/stiftung\/wp-json\/wp\/v2\/users\/94"}],"replies":[{"embeddable":true,"href":"https:\/\/sites.hslu.ch\/stiftung\/wp-json\/wp\/v2\/comments?post=102"}],"version-history":[{"count":137,"href":"https:\/\/sites.hslu.ch\/stiftung\/wp-json\/wp\/v2\/pages\/102\/revisions"}],"predecessor-version":[{"id":2341,"href":"https:\/\/sites.hslu.ch\/stiftung\/wp-json\/wp\/v2\/pages\/102\/revisions\/2341"}],"wp:featuredmedia":[{"embeddable":true,"href":"https:\/\/sites.hslu.ch\/stiftung\/wp-json\/wp\/v2\/media\/2282"}],"wp:attachment":[{"href":"https:\/\/sites.hslu.ch\/stiftung\/wp-json\/wp\/v2\/media?parent=102"}],"curies":[{"name":"wp","href":"https:\/\/api.w.org\/{rel}","templated":true}]}}