{"id":2465,"date":"2023-03-27T07:58:46","date_gmt":"2023-03-27T07:58:46","guid":{"rendered":"https:\/\/sites.hslu.ch\/itc\/?page_id=2465"},"modified":"2024-04-25T21:11:36","modified_gmt":"2024-04-25T21:11:36","slug":"ueber-die-interdisziplinaeren-themencluster","status":"publish","type":"page","link":"https:\/\/sites.hslu.ch\/itc\/ueber-die-interdisziplinaeren-themencluster\/","title":{"rendered":"\u00dcber die Interdisziplin\u00e4ren Themencluster"},"content":{"rendered":"\n<h4 class=\"wp-block-heading\">Das interdisziplin\u00e4re Forschen, Lehren und Lernen ist eine der herausragenden Qualit\u00e4ten der Hochschule Luzern. Die departements- und f\u00e4cher\u00fcbergreifende Zusammenarbeit wird seit vielen Jahren in allen Bereichen gef\u00f6rdert und gelebt.<\/h4>\n\n\n\n<h2 class=\"wp-block-heading\">Strategische Verankerung der Interdisziplinarit\u00e4t<\/h2>\n\n\n\n<p>In zwei Etappen hat die Hochschule Luzern seit 2009 insgesamt sechs \u00abInterdisziplin\u00e4re Schwerpunkte\u00bb (IDS) aufgebaut und eine Vielzahl an Forschungsprojekten realisiert. Im Jahr 2013 wurde zudem ein strategisches \u00abKonzept Interdisziplinarit\u00e4t\u00bb entwickelt, welches die Grunds\u00e4tze und Rahmenbedingungen der interdisziplin\u00e4ren Zusammenarbeit festh\u00e4lt. Mitte 2018 wurden die bereits bestehenden Kompetenzen zu zwei interdisziplin\u00e4ren Themenclustern (ITC) geb\u00fcndelt: \u00abRaum &amp; Gesellschaft\u00bb und \u00abDigitale Transformation der Arbeitswelt\u00bb. Die beiden ITC arbeiteten von 2018 bis 2023 und wurden dann durch die Interdisziplin\u00e4ren Netzwerke (IDN) abgel\u00f6st.<\/p>\n\n\n\n<blockquote class=\"wp-block-quote is-layout-flow wp-block-quote-is-layout-flow\">\n<p>\u00abMit Blick auf die gesellschaftlichen Herausforderungen wird die Notwendigkeit inter- und vor allem auch transdisziplin\u00e4rer Zusammenarbeit an Hochschulen weiter zunehmen. Die ITC f\u00f6rdern dies an der HSLU und dar\u00fcber hinaus exemplarisch.\u00bb<\/p>\n<cite>Theres Paulsen, Direktorin td-net \u2013 Network for Transdisciplinary Research<\/cite><\/blockquote>\n\n\n\n<blockquote class=\"wp-block-quote is-layout-flow wp-block-quote-is-layout-flow\">\n<p>\u00abDas Instrument der \u00abInterdisziplin\u00e4ren Themencluster\u00bb hat einen N\u00e4hrboden f\u00fcr gemeinsame Projekte mit grosser Strahlkraft geschaffen.\u00bb<\/p>\n<cite>Prof. Dr. Lothar Thiele, ETH Z\u00fcrich, Department of Information Technology and Electrical Engineering<\/cite><\/blockquote>\n\n\n\n<blockquote class=\"wp-block-quote is-layout-flow wp-block-quote-is-layout-flow\">\n<p>\u00abInterdisziplinarit\u00e4t ist ein wichtiges Merkmal der HSLU.\u00bb<\/p>\n<cite>Linda Sutter, Staatsanw\u00e4ltin des Kantons St. Gallen<\/cite><\/blockquote>\n\n\n\n<h2 class=\"wp-block-heading\">Vielf\u00e4ltige Kompetenzen und Kooperationen<\/h2>\n\n\n\n<p>Die beiden Cluster umfassten die Expertise aller sechs Departemente der Hochschule Luzern ab \u2013 von Technik &amp; Architektur, Wirtschaft und Informatik \u00fcber Soziale Arbeit, Design &amp; Kunst bis zu Musik. Ziel war es, in interdisziplin\u00e4rem Zusammenwirken L\u00f6sungsans\u00e4tze f\u00fcr praxisorientierte Problemstellungen der Zukunft zu erarbeiten. Dies erfolgte in nationalen und internationalen Forschungsprojekten in enger Kooperation mit Partner:innen aus unterschiedlichen Bereichen. Der Wissenstransfer in die Praxis wurde \u00fcber interdisziplin\u00e4re Aus- und Weiterbildungsangebote gef\u00f6rdert.<\/p>\n\n\n\n<h2 class=\"wp-block-heading\">Die zentralen Ziele&nbsp;<\/h2>\n\n\n\n<p>Die ITC \u00abRaum &amp; Gesellschaft\u00bb und \u00abDigitale Transformation der Arbeitswelt\u00bb<\/p>\n\n\n\n<ul class=\"wp-block-list\">\n<li>zeichneten sich aus durch Aktualit\u00e4t und Relevanz sowie einen substanziellen Forschungsanteil auf hohem wissenschaftlichem Niveau.<\/li>\n\n\n\n<li>trugen zur internationalen Ausstrahlung der Hochschule Luzern bei, indem sie Partnerschaften mit Hochschulen im In- und Ausland pflegten und Anschlussm\u00f6glichkeiten in verschiedenen Bereichen (Kongresse, Publikationen, usw.) schufen.<\/li>\n\n\n\n<li>waren in der Region verankert und f\u00f6rderten den Dialog mit Partner:innen aus Industrie, Wirtschaft, Kultur und Gesellschaft.<\/li>\n\n\n\n<li>unterst\u00fctzten die Fokussierung auf \u00fcbergeordnete Forschungs- und Entwicklungs-Bereiche und b\u00fcndelten ihr Potenzial quer durch alle Departemente der Hochschule Luzern.<\/li>\n\n\n\n<li>entwickelten und schufen neue Angebote in Lehre und Forschung im Sinne des vielfachen Leistungsauftrags der Hochschule.<\/li>\n<\/ul>\n","protected":false},"excerpt":{"rendered":"<p>Das interdisziplin\u00e4re Forschen, Lehren und Lernen ist eine der herausragenden Qualit\u00e4ten der Hochschule Luzern. Die departements- und f\u00e4cher\u00fcbergreifende Zusammenarbeit wird seit vielen Jahren in allen Bereichen gef\u00f6rdert und gelebt. Strategische Verankerung der Interdisziplinarit\u00e4t In zwei Etappen hat die Hochschule Luzern seit 2009 insgesamt sechs \u00abInterdisziplin\u00e4re Schwerpunkte\u00bb (IDS) aufgebaut und eine Vielzahl an Forschungsprojekten realisiert. Im [&hellip;]<\/p>\n","protected":false},"author":110,"featured_media":0,"parent":0,"menu_order":0,"comment_status":"closed","ping_status":"closed","template":"uber_uns.php","meta":{"_acf_changed":false,"footnotes":""},"class_list":["post-2465","page","type-page","status-publish","hentry"],"acf":[],"_links":{"self":[{"href":"https:\/\/sites.hslu.ch\/itc\/wp-json\/wp\/v2\/pages\/2465","targetHints":{"allow":["GET"]}}],"collection":[{"href":"https:\/\/sites.hslu.ch\/itc\/wp-json\/wp\/v2\/pages"}],"about":[{"href":"https:\/\/sites.hslu.ch\/itc\/wp-json\/wp\/v2\/types\/page"}],"author":[{"embeddable":true,"href":"https:\/\/sites.hslu.ch\/itc\/wp-json\/wp\/v2\/users\/110"}],"replies":[{"embeddable":true,"href":"https:\/\/sites.hslu.ch\/itc\/wp-json\/wp\/v2\/comments?post=2465"}],"version-history":[{"count":15,"href":"https:\/\/sites.hslu.ch\/itc\/wp-json\/wp\/v2\/pages\/2465\/revisions"}],"predecessor-version":[{"id":3022,"href":"https:\/\/sites.hslu.ch\/itc\/wp-json\/wp\/v2\/pages\/2465\/revisions\/3022"}],"wp:attachment":[{"href":"https:\/\/sites.hslu.ch\/itc\/wp-json\/wp\/v2\/media?parent=2465"}],"curies":[{"name":"wp","href":"https:\/\/api.w.org\/{rel}","templated":true}]}}